10000000 (base 2) in base 14?
34716
Convert 1266882 (base 10) to base 5.
311020012
Convert -c603c7 (base 14) to base 13.
-1500b11
What is 21eae (base 16) in base 10?
138926
What is 360634 (base 8) in base 10?
123292
Convert 123302 (base 7) to base 5.
1212122
Convert -104441304 (base 5) to base 10.
-468329
Convert 10323304332 (base 5) to base 16.
aa2500
What is -11012212022201 (base 3) in base 10?
-2241181
Convert -2508793 (base 11) to base 10.
-4359974
512054135 (base 6) to base 2
100001011111001111101011
Convert 50671005 (base 8) to base 9.
22135440
-28233 (base 11) to base 12
-1b328
Convert 79a56 (base 13) to base 15.
45941
Convert 1329690 (base 10) to base 12.
5415b6
What is -200201211202 (base 3) in base 14?
-9855d
1661a7 (base 11) to base 3
111001201000
-1763c3 (base 15) to base 2
-100010101000100001010
Convert -36013544 (base 8) to base 12.
-27766b0
-222100134 (base 5) to base 13
-280500
What is -34d228 (base 15) in base 9?
-4667562
Convert 10535724 (base 10) to base 9.
21737260
What is -5231108 (base 9) in base 13?
-76b72b
Convert 11101000001000101 (base 2) to base 6.
2314125
Convert -3131357 (base 11) to base 13.
-11b4211
Convert -bb1d0 (base 16) to base 5.
-144011131
-353ca (base 15) to base 9
-277601
What is 242c0 (base 14) in base 10?
88368
Convert -12020000020021 (base 3) to base 12.
-b1a214
14430253 (base 6) to base 2
1111010011110011001
-4030421 (base 5) to base 14
-19702
What is f71a70 (base 16) in base 7?
254435203
What is 42500272 (base 8) in base 13?
1b5a67a
Convert b6820 (base 12) to base 2.
111010100000011000
Convert -8a88b (base 13) to base 15.
-4e9a0
What is -223e5 (base 15) in base 12?
-53022
33106312 (base 8) to base 13
1621035
122122303 (base 4) to base 11
74334
-1053562 (base 7) to base 5
-13142342
Convert 2250402 (base 8) to base 14.
11c718
Convert 5202153 (base 6) to base 13.
89646
What is 2314477 (base 13) in base 6?
1023334004
What is -5d2a56 (base 15) in base 3?
-22101210120100
Convert -22511506 (base 8) to base 3.
-100012022012120
Convert d1952b (base 14) to base 11.
3a8a183
11010001010011111001 (base 2) to base 8
3212371
What is 147cb4 (base 13) in base 6?
14441043
What is 141503 (base 8) in base 9?
75511
What is -113284 (base 10) in base 13?
-3c742
1b7a82 (base 14) to base 7
11226022
Convert 11434201 (base 5) to base 3.
12112002001
Convert 140553554 (base 7) to base 5.
4321000301
-774aa9 (base 12) to base 8
-7166041
What is -10101101110001100110100 (base 2) in base 15?
-7772c5
Convert 84104 (base 10) to base 14.
22916
-12213103013 (base 4) to base 11
-a84720
Convert -172041 (base 11) to base 12.
-10a0b1
Convert 3987a (base 14) to base 11.
97446
What is 4414012 (base 5) in base 8?
224544
-145346 (base 7) to base 16
-6e93
-1818618 (base 9) to base 5
-230013404
What is 3026531 (base 7) in base 3?
200021221002
What is -5a8155 (base 13) in base 15?
-2c9e7a
What is 1202121111 (base 3) in base 6?
424404
Convert -101100112011 (base 3) to base 13.
-7199b
Convert -293b (base 15) to base 2.
-10001001111111
Convert -58481 (base 15) to base 2.
-1000100101000111010
-b3469 (base 12) to base 5
-24441222
-184418 (base 9) to base 6
-2243242
Convert -129432 (base 10) to base 14.
-35252
What is 1000001010101001011110 (base 2) in base 11?
1232431
Convert -1544154 (base 7) to base 3.
-101210211120
Convert -23000110 (base 4) to base 8.
-130024
11101010011111111 (base 2) to base 14
31a7d
What is -c1c0 (base 15) in base 6?
-513213
200210122012 (base 3) to base 5
43320232
What is -220122102 (base 3) in base 12?
-a492
Convert cb25dd (base 15) to base 3.
200012122222101
Convert a26a9 (base 13) to base 11.
189829
-a8678 (base 11) to base 13
-56b1a
Convert 2011022010211 (base 3) to base 10.
1147549
What is 820290 (base 11) in base 6?
44125555
1111000101111100000 (base 2) to base 9
833361
What is 351336 (base 12) in base 2?
11010000000110011010
-30222021 (base 4) to base 11
-35a56
What is -1124103312 (base 5) in base 15?
-35a4c2
Convert 11674641 (base 8) to base 16.
2779a1
76cc67 (base 14) to base 12
1424663
-223142 (base 9) to base 12
-65332
Convert 45133552 (base 6) to base 15.
1be918
Convert -658b0 (base 14) to base 11.
-158860
What is 29134b7 (base 12) in base 14?
1146311
What is 201100100120 (base 3) in base 12?
164450
1617005 (base 11) to base 3
12012022112000
What is 4057463 (base 8) in base 15?
162d9c
Convert -1db5eb (base 16) to base 2.
-111011011010111101011
What is -3092016 (base 12) in base 13?
-1b83b62
-ede12 (base 15) to base 5
-143141132
-32311112 (base 4) to base 12
-2b1b2
Convert -100111100110000111 (base 2) to base 15.
-330c3
-52918 (base 11) to base 14
-200a3
2125225 (base 6) to base 14
2a2d3
Convert 401203 (base 5) to base 6.
134410
Convert -3804a (base 13) to base 14.
-29921
-9d7ee7 (base 16) to base 9
-21371557
Convert -4666056 (base 8) to base 4.
-10312300232
What is 1231201 (base 4) in base 3?
100121121
What is -154ded (base 15) in base 9?
-1837647
What is -17aec4 (base 15) in base 14?
-21d586
Convert 10011011110000011011011 (base 2) to base 8.
23360333
-838a5 (base 15) to base 9
-705112
Convert 1514566 (base 7) to base 15.
40e6a
Convert -20aa84 (base 12) to base 15.
-a3074
51159 (base 14) to base 16
2fa1b
Convert -63d58 (base 15) to base 5.
-40120013
Convert 43346464 (base 7) to base 6.
211301204
-28040 (base 10) to base 5
-1344130
Convert 591005 (base 10) to base 9.
1100632
1011010001100101011100 (base 2) to base 3
12120011100010
What is -6632724 (base 8) in base 16?
-1b35d4
Convert 420401 (base 5) to base 12.
8023
-10221100000121 (base 3) to base 13
-583861
-53641156 (base 7) to base 8
-21364245
5d20c (base 14) to base 9
376866
Convert 311132220 (base 4) to base 16.
357a8
1204594 (base 11) to base 2
1000000000100111101111
Convert 11113332303 (base 4) to base 5.
330041242
Convert -1101001001010110000 (base 2) to base 8.
-1511260
10132020202 (base 4) to base 2
100011110001000100010
-13002201100 (base 4) to base 15
-266b6d
What is 1fe8b (base 16) in base 10?
130699
What is -106341621 (base 7) in base 14?
-c20348
Convert 1331303 (base 5) to base 16.
69c6
10831 (base 12) to base 8
52645
What is -13100014 (base 10) in base 9?
-26575751
What is -24536737 (base 8) in base 5?
-2342010214
What is 4809755 (base 11) in base 15?
b0a2e3
Convert 2c4d9 (base 14) to base 9.
177808
121110012011100 (base 3) to base 12
2b17746
What is 1111122201112 (base 3) in base 7?
6542030
ac13a (base 13) to base 10
312192
Convert 18a2b2 (base 12) to base 9.
728148
What is -30638 (base 11) in base 9?
-67265
469290 (base 12) to base 16
11544c
Convert -518191 (base 13) to base 9.
-3520241
Convert -401112523 (base 6) to base 15.
-8dc549
245402 (base 6) to base 7
121013
-19b458 (base 12) to base 2
-1101111000111000100
-86412b (base 12) to base 16
-2061b3
Convert -1011111111010010101 (base 2) to base 4.
-1133322111
What is 2201222002020 (base 3) in base 9?
2658066
What is -a56d7 (base 14) in base 12?
-173065
Convert -211201201010 (base 3) to base 11.
-286151
231913 (base 11) to base 9
621378
Convert -6a60 (base 16) to base 5.
-1332412
Convert -28267 (base 11) to base 9.
-61176
What is 138919 (base 14) in base 5?
133124221
-60678 (base 9) to base 13
-15230
Convert -4117715 (base 8) to base 16.
-109fcd
What is 1591993 (base 10) in base 6?
54042201
-7331607 (base 10) to base 8
-33757427
Convert 943844 (base 11) to base 14.
2b557a
What is -9b9b8b (base 16) in base 12?
-34b968b
Convert -58c98 (base 16) to base 6.
-11443400
Convert 104c3b0 (base 14) to base 10.
7716870
-477112 (base 10) to base 15
-96577
Convert 233212 (base 12) to base 15.
b27a8
What is 2c0bb (base 14) in base 2?
11010110101100101
Convert -19be537 (base 15) to base 2.
-1000111110101001111011110
231012321 (base 4) to base 14
4b493
Convert -12811461 (base 9) to base 16.
-608698
Convert -1013201332 (base 4) to base 9.
-485814
Convert -411044 (base 13) to base 11.
-945a8a
What is 21010201122212 (base 3) in base 13?
a2a874
-123001442 (base 5) to base 9
-1104726
Convert -11000101011010111001001 (base 2) to base 13.
-1456665
What is -20635 (base 9) in base 5?
-414030
Convert -559500 (base 10) to base 6.
-15554140
What is -110315 (base 10) in base 9?
-177282
-20012350 (base 6) to base 16
-8924a
What is 3331130012 (base 4) in base 13?
2a466a
-1021122112211 (base 3) to base 9
-1248484
What is 18